 2*b. Let t = -207 - d. Is t a prime number?
True
Suppose -12*p - 7*p + 2*p = 0. Suppose p = 15*l - 4*l - 1045. Is l a prime number?
False
Let m(r) = -2*r**3 - 7*r**2 - 12*r - 20. Let h be m(-8). Let u = -65 + h. Is u prime?
True
Suppose 5*d - 354550 = -5*p, 0 = 4*p - 4*d - 63311 - 220321. Is p prime?
False
Is 12*(-6297)/(-6) - 7 a prime number?
False
Suppose 0*k + 3*k + 29369 = 2*p, -29334 = -2*p - 4*k. Is p composite?
True
Is ((-4)/6)/(6 + (-57392)/9564) a composite number?
False
Suppose -1302 = -27*h + 21*h. Is h a prime number?
False
Suppose 4*h + 91*m - 90*m - 5609 = 0, -3*m - 5605 = -4*h. Is h composite?
True
Suppose 2*o - 2*z = -524 + 14246, 0 = -4*o - 5*z + 27462. Is o composite?
False
Suppose -9*v + 7*v + 4*x + 834 = 0, 3*v = -2*x + 1259. Is v a prime number?
True
Is 156/(-104)*(-28)/3 composite?
True
Suppose -2*c + 1 = -5. Suppose -2*w + 103 = -a - 78, -c*w = -a - 272. Is w prime?
False
Let g = 11011 + -5724. Is g a composite number?
True
Let t = 20 - 15. Suppose u - a = 4*u - 2437, 0 = -t*u - 3*a + 4067. Let y = -340 + u. Is y composite?
True
Let u(g) = 2 - 5*g - 2*g + 2*g**2 - 3 - 1. Let i(l) = -l + 7. Let c be i(12). Is u(c) a prime number?
True
Suppose 3*x - 8111 = 76492. Is x a prime number?
True
Let x = -504 + -43. Let i = x + 1298. Is i prime?
True
Suppose f = -5*c - 20, 0 = 4*f + 3*c + 7 + 5. Suppose 12*s - 5882 + 134 = f. Is s composite?
False
Suppose -3*w - 5 = -4*w. Suppose y = w*y - 3796. Suppose -2*i = 3*h - y, -5*h = -4*h + 4*i - 303. Is h prime?
False
Suppose f = 2*x + 1255 + 1200, 0 = 2*f + 5*x - 4865. Let s = -742 + f. Is s a composite number?
True
Let n = 463 + -664. Let t be (3 - n/6)*10. Let c = t + -142. Is c a prime number?
True
Let k be 176112/(-128) - (-2)/(-16). Let p = 2329 + k. Is p a prime number?
True
Let i = -1 + 3. Let a be -4*(-9)/(-24)*i. Let f(g) = -5*g**3 + 2*g**2 - 4*g - 2. Is f(a) a prime number?
True
Let f be (-5)/15 - 22/6. Let y be f/(-18) + (-26064)/(-81). Suppose 3*g - 973 + y = 0. Is g composite?
True
Let f(j) = 2*j + 3*j + 447 + 3*j - 6*j. Is f(0) composite?
True
Let m = 3 + -1. Suppose -2*p + 121 = j, 5*j - 2*p - 331 = m*j. Is j composite?
False
Suppose -3*s + 34025 = 5*p, 4*p - 2*s - 21745 - 5475 = 0. Is p prime?
False
Suppose 12922 = -9*x + 39283. Is x a prime number?
False
Suppose 2669 + 9301 = 10*h. Let m = 1830 - h. Is m composite?
True
Suppose 0 = a + 4, 3*t + 7599 = 4*t + a. Is t composite?
False
Suppose 5*d = -7*d + 6888. Let r = 1111 - d. Is r composite?
True
Let x = -1075 - -2478. Is x a prime number?
False
Let b = -3 + 6. Is -1 + 18118/6 + 1/b a composite number?
False
Is 143/4*(-7 + 11) prime?
False
Suppose -5*a - o = -3*o - 29, -a + 15 = -5*o. Suppose -n = -3*w - 4*n + 597, 3*n + 995 = a*w. Is w a composite number?
False
Is 3*7/(-105) + (-16312)/(-10) a composite number?
True
Let k(n) = -128*n - 3. Let f be k(-6). Let z = 1306 - f. Is z prime?
True
Suppose -2*s - 4 = -58. Suppose -g + s = -0*g. Is (-40)/(-3) - 9/g a prime number?
True
Let i = -409 + 3371. Is i prime?
False
Is (-54765)/(-63) - (-10)/(-35) a prime number?
False
Suppose 5*o - 3*o - 528 = 0. Suppose -w + o = 7*w. Is w a prime number?
False
Suppose -4*s - 102390 = -19*s. Is s composite?
True
Suppose -15*g + 16*g + 4 = 0. Let m be (-2)/g + 381/6. Is 19664/m - 2/8 a prime number?
True
Let f(n) be the first derivative of 10*n**3 + 5*n**2 + 9*n + 9. Is f(-7) a prime number?
True
Let f = -2 - -5. Is f - (-1281)/12 - 12/16 a composite number?
False
Suppose 475*r - 43743 = 468*r. Is r prime?
False
Let f(n) = 672*n + 55. Is f(2) prime?
True
Let y = 58 - 191. Let k = y - -324. Is k composite?
False
Let n be (-7)/(((-12)/21)/(-4)). Let q = -72 - n. Is 4 - (q + -3 + -1) composite?
False
Let w(x) = 7*x**2 - 7*x. Let v be w(17). Is (3 - v/(-12))*3 prime?
False
Let p(d) = d**3 + 18*d**2 + 9*d - 17. Is p(-9) a prime number?
True
Let g(y) = y**2 - 15*y + 10. Let c be g(15). Suppose c*b + 12 = 14*b. Suppose 0*v - 1407 = -3*d - 2*v, v = b. Is d prime?
True
Let b(w) = w**3 + 10*w**2 + 9*w - 8. Let q be b(-9). Let j(v) be the third derivative of -7*v**4/12 + 7*v**3/6 + 18*v**2. Is j(q) a prime number?
False
Suppose -9*z - 5*u = -5*z - 7704, 0 = -5*z + 3*u + 9667. Is z prime?
True
Let s be (-160)/(-15)*33/4. Suppose 3*w = 313 - s. Let y = w + 176. Is y a prime number?
True
Let v(n) = 76*n**3 + 2*n - 1. Let l be v(-2). Let c be l*-1*(2 - 1). Suppose -5*s + c = -852. Is s prime?
True
Suppose 0 = -2*l + 4*z + 31322, 11449 = -3*l - 4*z + 58422. Is l prime?
False
Is 2 + (-6544)/(-7) + 91/637 composite?
False
Let o = 761 + 1442. Is o prime?
True
Suppose -7*v = -2*v + 30. Is (-8 - v)*(-3918)/4 composite?
True
Let o(f) = -3*f**3 - 28*f**2 + 9*f + 2. Let w be o(-20). Suppose 3*b - b = -2, 4*c - 2*b - w = 0. Is c a prime number?
False
Let i(m) = -7527*m + 305. Is i(-2) prime?
True
Suppose 1217*l - 1208*l - 209259 = 0. Is l prime?
True
Suppose 4*u + 3*u - 1071 = 0. Let p = 690 - u. Is p composite?
True
Let q(k) = 3443*k**2 - 1. Let f be q(-1). Is f*4/8 - 0 a composite number?
False
Let v = 299 + -240. Suppose -4*o + 1356 = 3*f, -2*f - 713 = -2*o - 49. Suppose v = 5*w - o. Is w composite?
False
Is (-90)/(-20)*(-137276)/(-18) prime?
True
Let k(w) be the third derivative of 2*w**5/3 - 2*w**4/3 - 19*w**3/6 + 24*w**2. Is k(-9) prime?
False
Suppose 0 = -12*f + 77615 + 189493. Is f a composite number?
False
Let b(j) = -4*j**3 + 439*j**2 - 2*j + 0*j**3 - 443*j**2 + 9. Is b(-4) composite?
True
Suppose 3 = 3*x + 3*d, 5*x = 3*d - 0 + 21. Suppose -3*n + 1652 = 4*r, -5*n - 1652 = x*r - 7*r. Is r a prime number?
False
Let t(q) = -666*q + 129. Is t(-7) a prime number?
False
Suppose -s = -6*s - 20. Let i = s + 8. Suppose 2*o + b + 0*b = 262, 504 = i*o - 3*b. Is o a prime number?
False
Suppose -2*t = 2*t - 8, -3*y - 21 = -3*t. Is y/(-10)*8 - -18 a prime number?
False
Let g = -43449 + 65015. Suppose -x + 5*h + 6863 = 0, 4*x - 3*h = g + 5954. Is x prime?
True
Let s(p) = p - 13. Let a be s(9). Let k(h) = -11*h**3 - h**2 + 3*h + 2. Let f be k(a). Let z = f + -371. Is z prime?
True
Let x(y) = -1545*y + 21. Is x(-8) prime?
False
Let b(u) be the second derivative of 1/12*u**4 + 5*u + 0 - 7/2*u**2 + 3/20*u**5 + 1/6*u**3. Is b(6) a prime number?
True
Let x(s) = 3*s**2 - 4*s - 7. Let l be x(5). Suppose 0 = n - 5*n - l. Is (-114)/n*2/1 prime?
True
Let y = -3432 + 7900. Suppose 0 = 9*t + y - 15961. Is t a composite number?
False
Suppose -15*o - o = -113072. Is o a prime number?
False
Let u(q) = 0 - 5 - 2*q - 28*q**2 + 81*q**2 - 33*q**2. Is u(4) prime?
True
Let j(l) = 2767*l**2 + 3*l + 3. Is j(-1) a prime number?
True
Let f(d) = d**3 + 6*d**2 + 7*d - 1. Let t be f(-4). Suppose -5*y + 0*h = t*h - 1103, 1135 = 5*y - 5*h. Is y prime?
True
Suppose 0 = 3*q - 8*q + 5*f - 15, 4*f = -2*q - 24. Let n(b) = -55*b + 1. Is n(q) prime?
True
Let k(a) = -9*a**2 + 7*a - 2. Let t be k(-7). Suppose 11*z = 15*z + 1028. Let p = z - t. Is p a composite number?
True
Suppose -2673 - 522 = 9*b. Is -2*b/(-30)*-3 a prime number?
True
Suppose 10*g - 7*g - 27595 = 2*l, -4*l + 4 = 0. Is g a composite number?
False
Is ((-111749)/33)/((-2)/6) a composite number?
False
Suppose 16*w - 278079 = 13*w. Is w a prime number?
True
Suppose -2*p = -4*y - 4*p - 32, 36 = -2*y + 4*p. Let j = -636 - -631. Is 4/y - 3597/j prime?
True
Let s(r) = 2*r**3 + 4*r**2 - 9*r + 112. Is s(15) composite?
True
Suppose 6 = 5*z + 3*k, -2*k + 0 = -5*z - 4. Let f(r) = 5*r + 194. Is f(z) prime?
False
Suppose 11*j = 12*j. Suppose j = -2*u - u + 1437. Is u prime?
True
Is (-21792)/(-10) - (-30)/(-150) a prime number?
True
Suppose 0*w = 5*w + 48700. Let t = w - -14829. Is t composite?
True
Let a = -30 + 33. Suppose a*q - 2*q = 157. Is q a composite number?
False
Let b(i) be the third derivative of 5*i**4/3 - 5*i**3/3 + 10*i**2. Let d be b(-6). Let a = -123 - d. Is a prime?
True
Suppose -6*j + 26 = -8*j. Let a = j + 12. Is 597/(2 - a)*1 a composite number?
False
Suppose 2*g = -2*n + 4, -3*n + 0*g + 12 = -3*g. Suppose -2*r = n*r + 15, -x + 5*r + 19 = 0. Suppose 0 = x*d - 0*d - 388. Is d a prime number?
True
Let g = -25 + 14. Let u(x) = 2*x**2 - 11*x - 8. Is u(g) a composite number?
True
Suppose 24 = -8*g - 0*g. Let x(f) = 53*f**2 + 6*f + 12. Is x(g) a prime number?
False
Let g(c) = -c**3 + 12*c**2. Let r be g(12). Suppose -b - 5*y - 375 = -